uppose -2*q - 2*q = -152. Suppose 4*r - 2*r = q. Is r a composite number?
False
Suppose -3*k - 507 = 5*d, k = 2*d - 3*k + 182. Let t = -30 - d. Is t a composite number?
True
Suppose 10*q = 5*q - 5*c - 30, 4*c + 14 = q. Suppose -1 = -5*u + 4. Is -127*(q + u - 0) composite?
False
Let f be 3/(-4 - -1)*-1. Let x(a) = 144*a**2 + 2*a - 1. Is x(f) a composite number?
True
Suppose 3*y = -0*y - 36. Suppose -4*t = -t - 4*v - 74, -5*t = -v - 112. Let r = t + y. Is r composite?
True
Suppose -26 = -4*p + 2*p + 4*c, -c + 65 = 5*p. Is p composite?
False
Suppose 2*z - 4*y = -2*y + 12, -2*z + 5*y + 21 = 0. Let g(i) = 159*i**2 - 1. Let n be g(1). Is (n/z)/(14/21) prime?
True
Let r(c) = -c**3 + 5*c**2 - 5*c + 4. Let x be r(4). Suppose -2*j = -x*j - 28. Is j/(-1*4/(-10)) a composite number?
True
Suppose -11*v + 8*v = 0. Suppose 5*o - 2*o - 237 = v. Is o a composite number?
False
Let h(q) be the third derivative of -79*q**6/120 - q**4/24 + q**3/6 + 4*q**2. Let s be h(-2). Suppose 7*x - s = 2*x. Is x prime?
True
Let h(l) = -18*l - 20. Let b(t) = 12*t + 13. Let a(z) = 8*b(z) + 5*h(z). Let j be 0 + 6/(-10)*-5. Is a(j) composite?
True
Suppose -2 = -7*u + 5*u. Let g be (194/4)/u*2. Is g + (1 - 1) - 2 composite?
True
Let j = 15 - 15. Suppose -3*n - 3*p + 483 = j, -646 = -3*n - n - 3*p. Is n a prime number?
True
Let m(n) = 6*n - 5. Let s be m(-4). Let r be (-827)/(-11) - (-4)/(-22). Let g = r + s. Is g a prime number?
False
Suppose -5*h = l - 3*l - 380, -2*h + 161 = l. Suppose 4*p = 454 + h. Is p composite?
True
Suppose 0 = 2*i + 1 + 9, 0 = -2*c - 3*i - 5. Suppose -c*y + 331 = -639. Is y composite?
True
Let h be (-2 - -2) + -2 + 0. Let g be (-4 + h)/3 - -9. Let i = 40 - g. Is i a prime number?
False
Suppose -4*y - 5*c + 2837 = 0, 5*c - 1384 = -5*y + 2166. Is y composite?
True
Let i(q) = -q**2 - q + 51. Let f(u) = u + 7. Let x be f(-7). Is i(x) a composite number?
True
Suppose -2*f + 17 = 5*v - 2, -3*f = 2*v - 12. Let j be (-1)/(f/4) - 232. Is 6/(-15) - j/10 composite?
False
Suppose -6*l = -4*l - 1698. Let y = l + -596. Is y a composite number?
True
Suppose 3*l - k = -2*k + 12, 0 = k - 3. Suppose -l*f = 2*h - 16, 0*f - 2*f = -5*h + 2. Is f composite?
True
Let t be (-7 - -7) + 0/1. Let g = t + 3. Suppose -4*k = 0, j - 3*k + 62 = g*j. Is j prime?
True
Is (-4 + -3 + 8)/(1/51) a prime number?
False
Let w(u) = -u + 14. Let n be w(8). Let k(g) = 24*g - 3. Is k(n) composite?
True
Let d = 35 - -39. Suppose -4*q = -5*q. Suppose 0 = 2*k - q*k - d. Is k prime?
True
Suppose -3*s + 6*s = -6. Is s/(-4)*(-3 + 373) prime?
False
Suppose 3*d + 4*s - 62 = 0, 3*s = 2*d - 4*d + 42. Suppose -13 = -3*l + 4*a, -l - l + d = -5*a. Is ((-2)/4)/(l/86) prime?
True
Suppose -2*b + 1 - 22 = 5*p, 2*p + 20 = 5*b. Is 1/(b + (-345)/174) a composite number?
True
Let j be (2 + 1)/(-3)*-3. Let g be 3*2/j - 2. Suppose -x + 37 + 56 = g. Is x a composite number?
True
Let y(k) = -6*k**3 + 4*k**2 - 8*k - 3. Is y(-5) a prime number?
True
Suppose 220 = 4*h - 3*n, 0 = -2*h - 0*n + n + 108. Suppose -5*x = -h - 1033. Is x a composite number?
True
Suppose 0 = -4*a + 5*b + 718, -3*b + 162 = a - 9. Is a prime?
False
Suppose -2*r = -5*r + 3*f + 3, 5*r - 29 = -f. Suppose r*h = 32 + 23. Is h a composite number?
False
Let s be 3 - (3/3 - -20). Let o = 87 + s. Is o composite?
True
Let k = -5939 + 9102. Is k a prime number?
True
Suppose -2*d = d + 6. Let l be (-44)/(d + 1) + 2. Suppose -r - r = -l. Is r a composite number?
False
Let i = 11 + -13. Is (i - 157)*6/(-9) composite?
True
Let c(a) = 27*a + 17. Is c(8) prime?
True
Suppose -2*c + 5*n + 1364 = 0, 4*c - 196 - 2522 = 5*n. Is c a prime number?
True
Is (-1 + 2)/((-5)/(-1265)) composite?
True
Let w = -433 + 788. Is w composite?
True
Let q = -146 + 270. Suppose -3*h = -5*h + 2*p + 284, -h = 5*p - q. Is h a prime number?
True
Let h(v) = -5*v**3 - v**2 + 4*v + 8. Let g(w) = 4*w**3 - 4*w - 7. Let s(b) = 4*g(b) + 3*h(b). Is s(5) prime?
False
Let m = -4 + 14. Is 84/(-10)*(-25)/m prime?
False
Suppose q + 1031 = 4*h, 4*h - 3*h + 5*q - 284 = 0. Is h a prime number?
False
Let w = 17 + -26. Let t(a) = a**2 + 10*a + 12. Let f be t(w). Suppose -3*l + f*m = -294, l - 6*l - 5*m = -460. Is l a composite number?
True
Suppose b = x - 4*x + 18, -4*b + 63 = 3*x. Let u = b + -8. Is u a prime number?
True
Is (6 + 82/10)*5*1 a prime number?
True
Let t(w) = -w + 9. Let c be t(6). Suppose -c = q - 8. Is 1/2 - q/(-2) prime?
True
Let u(j) = -j**2 + 13*j - 12. Let p be u(12). Suppose 0*i - 3*i - 225 = -2*k, p = k + 3*i - 108. Is k a composite number?
True
Is (-5358)/(-24) - 1/4 composite?
False
Let g = 407 - -875. Is g prime?
False
Suppose -4*h + 11 = -17. Suppose 2*g = h*g - 255. Is g a prime number?
False
Suppose -4*x - f = -19, 3*x + f = 3*f + 17. Let y be 168 + (1 + 0 - 3). Let r = y - x. Is r a prime number?
False
Let k(q) = -q**3 + 5*q**2 + 2*q - 3. Let l be 2 - -6*(-2)/4. Let g be 6/1 + l + 0. Is k(g) a prime number?
True
Suppose 4*s - 5*t + 23 = 6*s, t + 1 = s. Suppose -2*u + 0 = -22. Let v = u - s. Is v composite?
False
Let c(f) be the second derivative of -f**5/20 - 3*f**4/4 - 4*f**3/3 + 2*f**2 + f. Is c(-8) a prime number?
False
Let q be (-6)/10*(1 + -16). Let h = -6 + q. Suppose h = 3*b - 102. Is b a composite number?
True
Suppose 3*o + 0*n = -n + 17, 0 = -5*o + 4*n. Is (22/o)/(3/42) composite?
True
Suppose -9*m + 1449 = -0*m. Is m a prime number?
False
Let s = -18 + 20. Is 2/(-2)*-129 - s a prime number?
True
Suppose 10 = 3*c - 5. Let i(r) = 5*r**2 + 2*r + 2. Let v be i(-2). Let u = v + c. Is u a prime number?
True
Let n(b) = -b**3 - 11*b**2 - 13*b - 8. Let m be (-3)/1 + (0 - 7). Is n(m) prime?
False
Suppose -2*i + 508 = 126. Is i prime?
True
Let x(m) = m**3 - 10*m**2 - 11*m - 5. Let g(r) = r**3 - 10*r**2 - 12*r - 6. Let j(y) = -2*g(y) + 3*x(y). Is j(11) a composite number?
False
Let y = 4 + -5. Let r be 6/(y - -3) + -1. Suppose 5*b + 5*i - 3*i - 51 = 0, 4*b - r*i = 48. Is b prime?
True
Suppose -g + 4*i - 2*i + 85 = 0, 105 = g + 3*i. Let m = g - 44. Is m a composite number?
True
Let p(q) = 13*q - 13. Let n be p(10). Suppose -42 = -f + n. Is f composite?
True
Let l(x) = -587*x - 74. Is l(-5) prime?
True
Let x be (1 - -5)*(-8)/(-6). Let s(r) = r - 6. Let i be s(4). Let t = i + x. Is t a prime number?
False
Let a be 30/(-7) + (-2)/(-7). Suppose 3*g = -2*g - 10, 2*r + g - 20 = 0. Let s = a + r. Is s composite?
False
Suppose 5*x + 3*u = 20, 3*x + 5*u = -0*x + 12. Is -2*(-6)/x*2 composite?
True
Suppose -g = -0*g - 51. Suppose 4*o + 53 = -g. Let y = 27 - o. Is y prime?
True
Let m(y) = y**2 + 3*y - 4. Let h be m(-4). Let v(g) = 5*g - 19. Let b(p) = 4*p - 19. Let x(s) = -4*b(s) + 3*v(s). Is x(h) composite?
False
Let h be ((-6)/(-9) + 0)*3. Let t(d) = -7*d - 7 + 6*d**2 - h*d**3 + 3*d**3 + 2*d. Is t(-6) prime?
True
Let o = 8 - 7. Let f(v) = -v + v + 1 - v**2 - v + 98*v**3. Is f(o) a composite number?
False
Suppose -25 = 5*d, 0*d = 3*r - 3*d - 3. Let a = r - 0. Is (-62)/(a/(-6)*-3) a composite number?
False
Let x(h) = -h**3 - 8*h**2 - 2*h - 9. Let z be x(-8). Suppose -y - b = -116, 3*b + 604 = z*y - 2*y. Is y prime?
False
Suppose 4*h - h = -2*v + 1003, 5*h - 5*v = 1705. Is h composite?
False
Let u(x) = -8*x**3 - 2*x**2 - x. Let m be u(-1). Let y be ((-4)/3)/(3/(-9)). Suppose -2*g - 3*r + 2 = -34, -g + y*r = -m. Is g composite?
True
Let x = 1 + 2. Suppose 3*c = 5*p + 874, -583 = -3*c + c + x*p. Is c prime?
True
Let k = 322 - 131. Is k composite?
False
Let x = 166 + -55. Is x composite?
True
Suppose -3*c + 1500 = v, c - 2*v - 514 = -7*v. Is c composite?
False
Let y = -7 + 22. Let v = y - 9. Suppose v*n - 66 = 3*n. Is n a composite number?
True
Suppose -3*k = 5*s - 432, 2*s = -4*k + 4*s + 602. Is k prime?
True
Suppose 0 = -2*d + 3*b + 2*b, 3*d = 2*b + 11. Suppose 272 = -d*l + 3*t - 508, l - 4*t = -173. Is (-5)/(15/l) - 2 a composite number?
True
Let j(z) = -z**3 + 9*z**2 + 3*z - 2. Let w be j(4). Let f = -6 + -31. Let o = f + w. Is o a prime number?
True
Let v(y) = -13*y + 5*y - 1 - 8*y - 2*y. Let d be v(-1). Suppose -3*x - 9 = 0, 5 = z - x - d. Is z a composite number?
False
Let q be ((-18)/(-12))/(3/4). Suppose 3 = -q*s + r + 18, -s + 8 = -r. Is s prime?
True
Let z(s) = 327*s**2 + 1. Let i be z(-1). Suppose 0*c + 4*d = -4*c + i, 0 = -2*c + 5*d + 143. Suppose 77 = 3*g - 2*q, 4*q + c = -0*g + 3*g. Is 